)?
6
Suppose 4*i = 2*i + 12. Suppose i*z - 2*z = 16. Suppose -a - 3 = -z. What is the units digit of a?
1
Let h be (-4)/(-10) + 156/10. Let u be 80/15 + (-1)/3. Suppose -3*k - h = -u*k. What is the units digit of k?
8
Suppose 17 = t - 34. What is the units digit of t?
1
Let l(g) = -g**3 + 8*g**2 - 6*g + 5. Let p(j) = -j**2 - 9*j - 7. Let o be p(-7). What is the tens digit of l(o)?
1
Let q(p) = p**3 + 0*p - 2*p**2 - p - 5*p - 2 + p. Let d be q(4). Suppose -o + 1 = -d. What is the units digit of o?
1
Let b be ((-294)/35)/(3/(-10)). Let r = -19 + b. What is the units digit of r?
9
Suppose 0*z - 80 = -4*h + 2*z, -h - z + 17 = 0. What is the tens digit of h?
1
Let p(k) = -4*k - 1. Let g be p(-4). Let c = 50 - g. What is the units digit of c?
5
Suppose -5*m + 17 = 3*a - 1, 0 = -m - 3*a + 6. Suppose 2*n = -2*f - 2*n - 860, -n - 1285 = m*f. What is the units digit of (-2)/(-12) - f/24?
8
Let a(g) = g**3 - 5*g**2 - 6*g + 6. Let x be a(6). What is the units digit of (-2)/4 - (-57)/x?
9
Suppose -j = -2 - 3. Suppose 18 = -3*w + j*w. What is the units digit of w?
9
Suppose k - 3*k + 42 = 0. Let d = k - 10. What is the units digit of d?
1
Let z(d) = d**2 - 7*d + 2. What is the units digit of z(8)?
0
Let c(a) = -a**2 + 5*a + 7. Let r(d) = -d + 2. Let q = -1 - 3. Let j be r(q). What is the units digit of c(j)?
1
Suppose -5*z - 30 = -0*z. Let f be ((-1)/2)/(2/4). What is the units digit of z/(-8) + f/(-4)?
1
Let x = -60 + 90. What is the units digit of x*-4*(-2)/20?
2
Let b be ((-8)/(-12))/((-2)/(-6)). Let a be 2 - ((-11 - b) + 1). Let j = -7 + a. What is the units digit of j?
7
Let x(n) = n**2 - 2*n - 4. Let o be x(4). Suppose o*t - 54 = -s, 0 = 3*s + 3*t - 7*t - 98. What is the units digit of s?
8
Suppose -4*u = -u - 87. What is the tens digit of u?
2
Suppose -5*u - 8 - 2 = 0. What is the units digit of 12/(u + 1 + 3)?
6
Let d(x) = x + 1 - 1 + x - 4. What is the units digit of d(6)?
8
Let b = 2 + 1. Suppose -4 - 17 = b*h. Let l = h + 12. What is the units digit of l?
5
Suppose 5*l + x - 109 = 35, 5*l - x - 136 = 0. What is the tens digit of l?
2
Let f(n) = -1. Let h(r) = r + 10. Let u(k) = -3*f(k) + h(k). Suppose -2*v - 2*y - 10 = 0, 28 = -0*v - 4*v - 2*y. What is the units digit of u(v)?
4
Suppose 5*c = 10 - 0. Suppose 2*k = 3*r + 4, -2*r + 0 = -k + c. Suppose r = -3*y + 22 + 14. What is the units digit of y?
2
Let w be ((-58)/(-5))/((-1)/10). What is the units digit of 3/(-15) - w/5?
3
Let d(z) = z**3 + 3*z**2 - 4*z + 1. Let i be d(-4). What is the units digit of 8 - (0 + i)*-1?
9
Let x(a) = a**2 + 2*a + 2. Let i be x(-2). What is the tens digit of 16 + (-3 + i)/1?
1
Suppose 4*h + 2*j - 14 = 0, 6*j + 34 = 5*h + 3*j. Suppose h*v + 4*y = -14 + 48, 0 = 2*v + y - 16. What is the tens digit of v?
1
Suppose -2*t = 3*t - 190. What is the units digit of t?
8
Let x be (-7)/(-7) + 2/1. Suppose x*k + 5*a - 47 = 65, -53 = -2*k + a. What is the tens digit of k?
2
Let u(o) = -13*o**2 + o - 4. Let h(k) = 20*k**2 - 2*k + 6. Let g(z) = -5*h(z) - 8*u(z). What is the units digit of g(2)?
2
Suppose 5*k + 2*x = 6*x - 32, x = -4*k - 34. What is the tens digit of (k/(-20))/((-3)/(-90))?
1
Let v(i) = 2*i**2 + 8*i + 8. Suppose -38 + 2 = 5*w + d, 4*w + 5*d + 33 = 0. What is the units digit of v(w)?
0
Let v = 14 - 10. What is the units digit of (-3 - -7) + (2 - v)?
2
Suppose 0*v + 4 = -4*v. Let q(f) = -6*f. What is the units digit of q(v)?
6
Let y(o) = 24*o**3 - o**2 - o - 1. Let t be y(-1). Let x be 1*(1 - (1 + 2)). What is the units digit of (-185)/t + x/5?
7
Suppose 0 = 4*t + 4*m, -2*t + 0*m + 35 = -5*m. What is the tens digit of (t/4)/((-1)/(-12))?
1
Suppose 3*n + 315 = 8*n. Let o = 116 - n. What is the tens digit of o?
5
Let w be 21/(6*3/(-12)). Let x be 16/56 - 66/w. Suppose -3*s + 25 = x*l - 5*s, -4*l + 27 = -3*s. What is the units digit of l?
3
Let d(x) = x**2 - 17*x + 2. Let z be d(17). Suppose z*m + 0*m - 80 = 0. What is the units digit of m?
0
Let n = -2 + 19. What is the tens digit of n?
1
Let q(f) = -f - 2. Let l be q(-4). Suppose 2*g + 3*x = 0, l*g + 5*x = 3*g - 26. What is the units digit of g?
6
Let k(o) = 2*o**2 - 10*o + 6. What is the tens digit of k(8)?
5
Suppose -40 = -3*l + 14. What is the units digit of l?
8
Suppose -68 = -5*c + 327. What is the tens digit of c?
7
Let r(y) = -y**3 - 15*y**2 + 15*y + 1. What is the tens digit of r(-16)?
1
Suppose 2*s + 5 + 15 = 0. Let h = s - -17. What is the units digit of h?
7
Suppose -4*u - 33 - 111 = -3*v, 0 = -2*u. What is the units digit of v?
8
Let b = -3 - -6. Suppose -z + 10 = 4*k, 5*z + 23 = b*k + 4. Let n = 3 + z. What is the units digit of n?
1
Let o(j) = 2*j**2 - j + 17. What is the tens digit of o(0)?
1
Let v be (-4)/14 - (-54)/(-7). Let f = v - -14. What is the units digit of f?
6
Let f = -7 - -6. What is the units digit of f*(-2)/(-1)*-2?
4
Suppose -2*v = x + 9, -1 = -x + 4. Let d = v - -13. Let b = d + -5. What is the units digit of b?
1
Let p = 4 + 29. Suppose 4*y - p = 19. What is the units digit of y?
3
Let p be (0 + 0)/(10/(-5)). Suppose -4*a + 0*a + 32 = p. What is the units digit of a?
8
Suppose -4*j + j = -42. What is the units digit of j?
4
Let f(v) = 7*v**2 + 4*v + 1. Let i be f(-3). Suppose 0*q - 5*q = -4*t + i, 5*q + 28 = t. What is the units digit of t?
8
What is the units digit of (-3)/2*32/(-12)?
4
Let j(n) = n + 8. Let x be j(-6). Let r = x - -44. Suppose -r - 2 = -4*w. What is the tens digit of w?
1
Suppose -14 = -2*l - 4. Suppose 5 = 5*p - j, 4*p + l*j - 4 = -0*p. What is the units digit of (3 + p)/1 + 2?
6
Let t(z) = -z**3 + 2*z**2 + 5*z - 2. Let i be t(3). Suppose i*p + 0 - 64 = 0. What is the units digit of 52/p - 1/4?
3
Let c = 5 - -2. Let o(y) = -y**3 + 6*y**2 + 7*y + 10. What is the tens digit of o(c)?
1
Let g = 7 + -5. Suppose 0 = g*i + 4 - 0. What is the units digit of 1/i + 15/6?
2
Suppose p = -0*p + 13. What is the units digit of p?
3
Let x be (-1)/(-2)*(-18 + 4). Let g = -50 + 30. Let w = x - g. What is the tens digit of w?
1
Suppose -4*d + 111 = -209. Let u = d - 39. What is the tens digit of u?
4
Let r(u) = u**3 + 18*u**2 - 19*u + 19. What is the tens digit of r(-19)?
1
Let w be (-6)/9*(2 - -4). Let t = -3 - -9. Let q = t + w. What is the units digit of q?
2
Let s = -3 + -1. Let t(l) = -l - 3*l + 2*l. What is the units digit of t(s)?
8
Suppose 10*n + 116 = 14*n. What is the tens digit of n?
2
Let t(n) = 2*n**3 + 5*n**2 + 5*n + 3. Let m be t(-3). Let p be m/6 - (-2)/(-4). What is the units digit of 2/p + 5/2?
2
Let m(v) = -v**3 + 4*v**2 + v + 2. Let d = -4 + 8. Let r be m(d). What is the units digit of 1/((r/(-10))/(-3))?
5
Let l(z) = 2 + z**2 + z - z. Let y be (0/(-6))/(-1 - -2). What is the units digit of l(y)?
2
Suppose -6*q = -525 + 75. What is the tens digit of q?
7
Suppose -g = -5 - 29. What is the tens digit of g?
3
Let f = 48 - 8. What is the units digit of f?
0
Suppose a - 9 = -0*a. Suppose -k + 2*k = a. What is the units digit of k?
9
Let q(z) = 4*z**2 + z - 1. Suppose f + 2*f + 6 = 0. Let l be q(f). Suppose -2*p + l = -13. What is the units digit of p?
3
Let m = 571 + -374. What is the hundreds digit of m?
1
Suppose 5*c - 6 = 39. Suppose -3*y - 4*w - 2 + 5 = 0, c = 3*y + 2*w. Suppose 15 = 3*k - 3*s, 4*k - 10 = y*s + 10. What is the units digit of k?
5
Let d = -53 - -248. What is the units digit of d?
5
Let p(m) = 4 + m**2 + 12 + 0*m**2. What is the tens digit of p(0)?
1
Suppose 2 = 5*z - 8. Suppose -x + 3*c = z*c + 34, 5*x - c = -174. Let d = x - -52. What is the tens digit of d?
1
Let c be 24/(2 + -1) + 0. Suppose -4*g = x - 20, -4*g - x - x + c = 0. Suppose -9*t = 3*f - g*t - 26, 5*t - 20 = 0. What is the units digit of f?
2
Let q be 1/(-2)*-4 + 1. Let m be 2/(-6) - (-10)/q. What is the units digit of m/6*20/2?
5
Let t be 49/(-4) + (-1)/(-4). Let n = 42 + -39. What is the units digit of ((-6)/n)/2*t?
2
Suppose 3*q + 2*i + 22 = 5*q, q + 2*i - 26 = 0. Suppose 3*g = g + q. What is the units digit of g?
8
Let w(f) = f**2 - 8*f + 9. Let h be w(7). Suppose 0 = -2*o - 2*o + 32. Suppose o = 4*p - h*p. What is the units digit of p?
4
Let t(w) = 35*w - 10. What is the tens digit of t(2)?
6
Let y be 2*-1 - -16 - 2. Let t = y + -6. Let d = -1 + t. What is the units digit of d?
5
Let a = -4 + 12. Suppose -3*s - p - a = 0, 0*s + 4*p = 4*s. What is the units digit of (-5)/(-2) - (